{"id":2,"date":"2022-01-30T13:27:50","date_gmt":"2022-01-30T12:27:50","guid":{"rendered":"http:\/\/klapakastav.hr\/web\/?page_id=2"},"modified":"2022-02-16T13:29:06","modified_gmt":"2022-02-16T12:29:06","slug":"muska-klapa-kastav","status":"publish","type":"page","link":"https:\/\/klapakastav.hr\/web\/","title":{"rendered":"Mu\u0161ka klapa Kastav"},"content":{"rendered":"\n<p>Klapa <em>Kastav<\/em> osnovana je u lipnju 1992. godine i od tada neprekidno i predano radi na o\u010duvanju hrvatske glazbene ba\u0161tine. O dugogodi\u0161njem uspje\u0161nom radu najbolje svjedo\u010de brojne nagrade i priznanja u zemlji i inozemstvu. Izdvajamo tako 1. mjesto na <em>Festivalu klapa Istre i Kvarnera u Buzetu<\/em> 1999., 2002., 2004., 2007. i 2011. godine \u010dime je klapa <em>Kastav<\/em> ujedno i jedna od najuspje\u0161nijih u\u010desnica spomenutog festivala...<\/p>\n","protected":false},"excerpt":{"rendered":"<p>Klapa Kastav osnovana je u lipnju 1992. godine i od tada neprekidno i predano radi na o\u010duvanju hrvatske glazbene ba\u0161tine. [&hellip;]<\/p>\n","protected":false},"author":2,"featured_media":0,"parent":0,"menu_order":0,"comment_status":"closed","ping_status":"closed","template":"","meta":{"_acf_changed":false,"footnotes":""},"class_list":["post-2","page","type-page","status-publish","hentry"],"acf":[],"_links":{"self":[{"href":"https:\/\/klapakastav.hr\/web\/wp-json\/wp\/v2\/pages\/2","targetHints":{"allow":["GET"]}}],"collection":[{"href":"https:\/\/klapakastav.hr\/web\/wp-json\/wp\/v2\/pages"}],"about":[{"href":"https:\/\/klapakastav.hr\/web\/wp-json\/wp\/v2\/types\/page"}],"author":[{"embeddable":true,"href":"https:\/\/klapakastav.hr\/web\/wp-json\/wp\/v2\/users\/2"}],"replies":[{"embeddable":true,"href":"https:\/\/klapakastav.hr\/web\/wp-json\/wp\/v2\/comments?post=2"}],"version-history":[{"count":6,"href":"https:\/\/klapakastav.hr\/web\/wp-json\/wp\/v2\/pages\/2\/revisions"}],"predecessor-version":[{"id":34,"href":"https:\/\/klapakastav.hr\/web\/wp-json\/wp\/v2\/pages\/2\/revisions\/34"}],"wp:attachment":[{"href":"https:\/\/klapakastav.hr\/web\/wp-json\/wp\/v2\/media?parent=2"}],"curies":[{"name":"wp","href":"https:\/\/api.w.org\/{rel}","templated":true}]}}